{"id":139,"date":"2026-03-04T16:45:09","date_gmt":"2026-03-04T19:45:09","guid":{"rendered":"https:\/\/omesmofogo.com.br\/blog\/?page_id=139"},"modified":"2026-03-11T14:11:43","modified_gmt":"2026-03-11T17:11:43","slug":"sobre-o-mesmo-fogo","status":"publish","type":"page","link":"https:\/\/omesmofogo.com.br\/blog\/sobre-o-mesmo-fogo\/","title":{"rendered":"Sobre o Mesmo Fogo"},"content":{"rendered":"<div class=\"omf-about\">\n<div class=\"omf-box\">\n<p class=\"omf-sub\">\n      O Mesmo Fogo coloca mestres de tradi\u00e7\u00f5es diferentes em di\u00e1logo para revelar princ\u00edpios universais \u2014<br \/>\n      presen\u00e7a, simplicidade e transforma\u00e7\u00e3o interior aplic\u00e1veis \u00e0 vida contempor\u00e2nea.\n    <\/p>\n<p class=\"omf-small\">\n      Contato: <a href=\"mailto:omesmofogo@gmail.com\">omesmofogo@gmail.com<\/a><br \/>\n      Instagram: <a href=\"https:\/\/www.instagram.com\/omesmofogo\/\" target=\"_blank\" rel=\"noopener noreferrer\">instagram.com\/omesmofogo<\/a>\n    <\/p>\n<hr class=\"omf-hr\" \/>\n<h3 class=\"omf-title\" style=\"margin:0 0 10px;\">Prioridade<\/h3>\n<div class=\"omf-cta\">\n      <a class=\"omf-btn omf-btn--yt\" href=\"https:\/\/www.youtube.com\/@OMesmoFogo?sub_confirmation=1\" target=\"_blank\" rel=\"noopener noreferrer\"><br \/>\n        <i class=\"fab fa-youtube\"><\/i><br \/>\n        <span class=\"omf-btn__txt\"><br \/>\n          <strong class=\"omf-btn__title\">Inscrever no YouTube<\/strong><br \/>\n          <span class=\"omf-btn__sub\">V\u00eddeos completos \u2022 toda semana<\/span><br \/>\n        <\/span><br \/>\n      <\/a><\/p>\n<p>      <a class=\"omf-btn omf-btn--sp\" href=\"https:\/\/open.spotify.com\/show\/15X809L8PmnJoITUf2Vekc\" target=\"_blank\" rel=\"noopener noreferrer\"><br \/>\n        <i class=\"fab fa-spotify\"><\/i><br \/>\n        <span class=\"omf-btn__txt\"><br \/>\n          <strong class=\"omf-btn__title\">Ouvir no Spotify<\/strong><br \/>\n          <span class=\"omf-btn__sub\">Podcast oficial \u2022 \u00e1udio<\/span><br \/>\n        <\/span><br \/>\n      <\/a>\n    <\/div>\n<hr class=\"omf-hr\" \/>\n<h2 class=\"omf-title\">Onde encontrar<\/h2>\n<ul class=\"omf-links-grid\">\n<li>\n        <a href=\"https:\/\/www.youtube.com\/@OMesmoFogo\" target=\"_blank\" rel=\"noopener noreferrer\"><br \/>\n          <i class=\"omf-ico fab fa-youtube\"><\/i><\/p>\n<div>\n            <strong>YouTube<\/strong><br \/>\n            <span>V\u00eddeos completos<\/span>\n          <\/div>\n<p>        <\/a>\n      <\/li>\n<li>\n        <a href=\"https:\/\/music.youtube.com\/channel\/UCEZAUzyVQk6KgddISRRlLJg\" target=\"_blank\" rel=\"noopener noreferrer\"><br \/>\n          <i class=\"omf-ico fab fa-youtube\"><\/i><\/p>\n<div>\n            <strong>YouTube Music<\/strong><br \/>\n            <span>Canal de \u00e1udio<\/span>\n          <\/div>\n<p>        <\/a>\n      <\/li>\n<li>\n        <a href=\"https:\/\/www.instagram.com\/omesmofogo\/\" target=\"_blank\" rel=\"noopener noreferrer\"><br \/>\n          <i class=\"omf-ico fab fa-instagram\"><\/i><\/p>\n<div>\n            <strong>Instagram<\/strong><br \/>\n            <span>Reflex\u00f5es e v\u00eddeos<\/span>\n          <\/div>\n<p>        <\/a>\n      <\/li>\n<li>\n        <a href=\"https:\/\/tiktok.com\/@omesmofogo\" target=\"_blank\" rel=\"noopener noreferrer\"><br \/>\n          <i class=\"omf-ico fab fa-tiktok\"><\/i><\/p>\n<div>\n            <strong>TikTok<\/strong><br \/>\n            <span>Clipes e cortes<\/span>\n          <\/div>\n<p>        <\/a>\n      <\/li>\n<li>\n        <a href=\"https:\/\/www.pinterest.com\/omesmofogo\" target=\"_blank\" rel=\"noopener noreferrer\"><br \/>\n          <i class=\"omf-ico fab fa-pinterest\"><\/i><\/p>\n<div>\n            <strong>Pinterest<\/strong><br \/>\n            <span>Pins e Colagens<\/span>\n          <\/div>\n<p>        <\/a>\n      <\/li>\n<li>\n        <a href=\"https:\/\/www.facebook.com\/omesmofogo\" target=\"_blank\" rel=\"noopener noreferrer\"><br \/>\n          <i class=\"omf-ico fab fa-facebook\"><\/i><\/p>\n<div>\n            <strong>Facebook<\/strong><br \/>\n            <span>P\u00e1gina + grupos<\/span>\n          <\/div>\n<p>        <\/a>\n      <\/li>\n<li>\n        <a href=\"https:\/\/www.linkedin.com\/company\/o-mesmo-fogo\" target=\"_blank\" rel=\"noopener noreferrer\"><br \/>\n          <i class=\"omf-ico fab fa-linkedin\"><\/i><\/p>\n<div>\n            <strong>LinkedIn<\/strong><br \/>\n            <span>Comunidade<\/span>\n          <\/div>\n<p>        <\/a>\n      <\/li>\n<li>\n        <a href=\"https:\/\/x.com\/omesmofogo\" target=\"_blank\" rel=\"noopener noreferrer\"><br \/>\n          <i class=\"omf-ico fab fa-x-twitter\"><\/i><\/p>\n<div>\n            <strong>X<\/strong><br \/>\n            <span>Atualiza\u00e7\u00f5es<\/span>\n          <\/div>\n<p>        <\/a>\n      <\/li>\n<li>\n        <a href=\"https:\/\/open.spotify.com\/show\/15X809L8PmnJoITUf2Vekc\" target=\"_blank\" rel=\"noopener noreferrer\"><br \/>\n          <i class=\"omf-ico fab fa-spotify\"><\/i><\/p>\n<div>\n            <strong>Spotify<\/strong><br \/>\n            <span>Podcast oficial<\/span>\n          <\/div>\n<p>        <\/a>\n      <\/li>\n<li>\n        <a href=\"https:\/\/podcasts.apple.com\/us\/podcast\/o-mesmo-fogo\/id1879778238\" target=\"_blank\" rel=\"noopener noreferrer\"><br \/>\n          <i class=\"omf-ico fab fa-apple\"><\/i><\/p>\n<div>\n            <strong>Apple Podcasts<\/strong><br \/>\n            <span>iPhone \/ iPad<\/span>\n          <\/div>\n<p>        <\/a>\n      <\/li>\n<li>\n        <a href=\"https:\/\/music.amazon.com.br\/podcasts\/b3950284-209f-486e-9c96-5887d204363a\" target=\"_blank\" rel=\"noopener noreferrer\"><br \/>\n          <i class=\"omf-ico fab fa-amazon\"><\/i><\/p>\n<div>\n            <strong>Amazon Music<\/strong><br \/>\n            <span>Podcast<\/span>\n          <\/div>\n<p>        <\/a>\n      <\/li>\n<li>\n        <a href=\"https:\/\/deezer.com\/show\/1002725421\" target=\"_blank\" rel=\"noopener noreferrer\"><br \/>\n          <i class=\"omf-ico fas fa-podcast\"><\/i><\/p>\n<div>\n            <strong>Deezer<\/strong><br \/>\n            <span>Podcast<\/span>\n          <\/div>\n<p>        <\/a>\n      <\/li>\n<li>\n        <a href=\"https:\/\/castbox.fm\/channel\/id7113556?utm_source=podcaster&amp;utm_medium=dlink&amp;utm_campaign=c_7113556&amp;utm_content=O%20Mesmo%20Fogo-CastBox_FM\" target=\"_blank\" rel=\"noopener noreferrer\"><br \/>\n          <i class=\"omf-ico fas fa-broadcast-tower\"><\/i><\/p>\n<div>\n            <strong>Castbox<\/strong><br \/>\n            <span>Diret\u00f3rio<\/span>\n          <\/div>\n<p>        <\/a>\n      <\/li>\n<li>\n        <a href=\"https:\/\/goodpods.com\/podcasts\/o-mesmo-fogo-724669\" target=\"_blank\" rel=\"noopener noreferrer\"><br \/>\n          <i class=\"omf-ico fas fa-thumbs-up\"><\/i><\/p>\n<div>\n            <strong>Goodpods<\/strong><br \/>\n            <span>Diret\u00f3rio<\/span>\n          <\/div>\n<p>        <\/a>\n      <\/li>\n<li>\n        <a href=\"https:\/\/pca.st\/paxeo0db\" target=\"_blank\" rel=\"noopener noreferrer\"><br \/>\n          <i class=\"omf-ico fas fa-headphones\"><\/i><\/p>\n<div>\n            <strong>Pocket Casts<\/strong><br \/>\n            <span>Diret\u00f3rio<\/span>\n          <\/div>\n<p>        <\/a>\n      <\/li>\n<li>\n        <a href=\"https:\/\/www.spreaker.com\/podcast\/o-mesmo-fogo--6899166\" target=\"_blank\" rel=\"noopener noreferrer\"><br \/>\n          <i class=\"omf-ico fas fa-microphone\"><\/i><\/p>\n<div>\n            <strong>Spreaker<\/strong><br \/>\n            <span>Diret\u00f3rio<\/span>\n          <\/div>\n<p>        <\/a>\n      <\/li>\n<li>\n        <a href=\"https:\/\/podcastaddict.com\/podcast\/o-mesmo-fogo\/6821113\" target=\"_blank\" rel=\"noopener noreferrer\"><br \/>\n          <i class=\"omf-ico fas fa-rss\"><\/i><\/p>\n<div>\n            <strong>Podcast Addict<\/strong><br \/>\n            <span>Diret\u00f3rio<\/span>\n          <\/div>\n<p>        <\/a>\n      <\/li>\n<li>\n        <a href=\"https:\/\/www.podchaser.com\/podcasts\/o-mesmo-fogo-6398137\" target=\"_blank\" rel=\"noopener noreferrer\"><br \/>\n          <i class=\"omf-ico fas fa-search\"><\/i><\/p>\n<div>\n            <strong>Podchaser<\/strong><br \/>\n            <span>Diret\u00f3rio<\/span>\n          <\/div>\n<p>        <\/a>\n      <\/li>\n<li>\n        <a href=\"https:\/\/listennotes.com\/@omesmofogo\" target=\"_blank\" rel=\"noopener noreferrer\"><br \/>\n          <i class=\"omf-ico fas fa-search\"><\/i><\/p>\n<div>\n            <strong>Listen Notes<\/strong><br \/>\n            <span>Busca de podcasts<\/span>\n          <\/div>\n<p>        <\/a>\n      <\/li>\n<\/ul>\n<hr class=\"omf-hr\" \/>\n<h3 class=\"omf-title\">Sobre o projeto<\/h3>\n<p class=\"omf-small\">\n      <strong>O Mesmo Fogo<\/strong> \u00e9 um projeto cultural independente criado por<br \/>\n      <strong>Gl\u00e1ucio Vasconcelos Bedim<\/strong>, dedicado \u00e0 pesquisa e divulga\u00e7\u00e3o<br \/>\n      de encontros entre diferentes tradi\u00e7\u00f5es espirituais.\n    <\/p>\n<p class=\"omf-small\">\n      O projeto investiga princ\u00edpios humanos universais presentes em mestres<br \/>\n      de culturas e caminhos espirituais distintos.\n    <\/p>\n<hr class=\"omf-hr\" \/>\n<p class=\"omf-small\">\n      RSS oficial do podcast:<br \/>\n      <a href=\"https:\/\/anchor.fm\/s\/10f642818\/podcast\/rss\" target=\"_blank\" rel=\"noopener noreferrer\">https:\/\/anchor.fm\/s\/10f642818\/podcast\/rss<\/a>\n    <\/p>\n<\/p><\/div>\n<\/div>\n","protected":false},"excerpt":{"rendered":"<p>O Mesmo Fogo coloca mestres de tradi\u00e7\u00f5es diferentes em di\u00e1logo para revelar princ\u00edpios universais \u2014 presen\u00e7a, simplicidade e transforma\u00e7\u00e3o interior aplic\u00e1veis \u00e0 vida contempor\u00e2nea. Contato: omesmofogo@gmail.com<span class=\"excerpt-hellip\"> [\u2026]<\/span><\/p>\n","protected":false},"author":1,"featured_media":-1,"parent":0,"menu_order":0,"comment_status":"closed","ping_status":"closed","template":"","meta":{"footnotes":""},"class_list":["post-139","page","type-page","status-publish","has-post-thumbnail","hentry"],"yoast_head":"<!-- This site is optimized with the Yoast SEO Premium plugin v27.0 (Yoast SEO v27.1.1) - https:\/\/yoast.com\/product\/yoast-seo-premium-wordpress\/ -->\n<title>Sobre o Mesmo Fogo - O Mesmo Fogo<\/title>\n<meta name=\"robots\" content=\"index, follow, max-snippet:-1, max-image-preview:large, max-video-preview:-1\" \/>\n<link rel=\"canonical\" href=\"https:\/\/omesmofogo.com.br\/blog\/sobre-o-mesmo-fogo\/\" \/>\n<meta property=\"og:locale\" content=\"pt_BR\" \/>\n<meta property=\"og:type\" content=\"article\" \/>\n<meta property=\"og:title\" content=\"Sobre o Mesmo Fogo\" \/>\n<meta property=\"og:description\" content=\"O Mesmo Fogo coloca mestres de tradi\u00e7\u00f5es diferentes em di\u00e1logo para revelar princ\u00edpios universais \u2014 presen\u00e7a, simplicidade e transforma\u00e7\u00e3o interior aplic\u00e1veis \u00e0 vida contempor\u00e2nea. Contato: omesmofogo@gmail.com [\u2026]\" \/>\n<meta property=\"og:url\" content=\"https:\/\/omesmofogo.com.br\/blog\/sobre-o-mesmo-fogo\/\" \/>\n<meta property=\"og:site_name\" content=\"O Mesmo Fogo\" \/>\n<meta property=\"article:modified_time\" content=\"2026-03-11T17:11:43+00:00\" \/>\n<meta name=\"twitter:card\" content=\"summary_large_image\" \/>\n<meta name=\"twitter:label1\" content=\"Est. tempo de leitura\" \/>\n\t<meta name=\"twitter:data1\" content=\"1 minuto\" \/>\n<script type=\"application\/ld+json\" class=\"yoast-schema-graph\">{\"@context\":\"https:\/\/schema.org\",\"@graph\":[{\"@type\":\"WebPage\",\"@id\":\"https:\/\/omesmofogo.com.br\/blog\/sobre-o-mesmo-fogo\/\",\"url\":\"https:\/\/omesmofogo.com.br\/blog\/sobre-o-mesmo-fogo\/\",\"name\":\"Sobre o Mesmo Fogo - O Mesmo Fogo\",\"isPartOf\":{\"@id\":\"https:\/\/omesmofogo.com.br\/blog\/#website\"},\"datePublished\":\"2026-03-04T19:45:09+00:00\",\"dateModified\":\"2026-03-11T17:11:43+00:00\",\"breadcrumb\":{\"@id\":\"https:\/\/omesmofogo.com.br\/blog\/sobre-o-mesmo-fogo\/#breadcrumb\"},\"inLanguage\":\"pt-BR\",\"potentialAction\":[{\"@type\":\"ReadAction\",\"target\":[\"https:\/\/omesmofogo.com.br\/blog\/sobre-o-mesmo-fogo\/\"]}]},{\"@type\":\"BreadcrumbList\",\"@id\":\"https:\/\/omesmofogo.com.br\/blog\/sobre-o-mesmo-fogo\/#breadcrumb\",\"itemListElement\":[{\"@type\":\"ListItem\",\"position\":1,\"name\":\"Home\",\"item\":\"https:\/\/omesmofogo.com.br\/blog\/\"},{\"@type\":\"ListItem\",\"position\":2,\"name\":\"Sobre o Mesmo Fogo\"}]},{\"@type\":\"WebSite\",\"@id\":\"https:\/\/omesmofogo.com.br\/blog\/#website\",\"url\":\"https:\/\/omesmofogo.com.br\/blog\/\",\"name\":\"O Mesmo Fogo\",\"description\":\"Di\u00e1logos entre mestres espirituais de diferentes tradi\u00e7\u00f5es: Zen, Cristianismo, Sufismo e Budismo.\",\"potentialAction\":[{\"@type\":\"SearchAction\",\"target\":{\"@type\":\"EntryPoint\",\"urlTemplate\":\"https:\/\/omesmofogo.com.br\/blog\/?s={search_term_string}\"},\"query-input\":{\"@type\":\"PropertyValueSpecification\",\"valueRequired\":true,\"valueName\":\"search_term_string\"}}],\"inLanguage\":\"pt-BR\"}]}<\/script>\n<!-- \/ Yoast SEO Premium plugin. -->","yoast_head_json":{"title":"Sobre o Mesmo Fogo - O Mesmo Fogo","robots":{"index":"index","follow":"follow","max-snippet":"max-snippet:-1","max-image-preview":"max-image-preview:large","max-video-preview":"max-video-preview:-1"},"canonical":"https:\/\/omesmofogo.com.br\/blog\/sobre-o-mesmo-fogo\/","og_locale":"pt_BR","og_type":"article","og_title":"Sobre o Mesmo Fogo","og_description":"O Mesmo Fogo coloca mestres de tradi\u00e7\u00f5es diferentes em di\u00e1logo para revelar princ\u00edpios universais \u2014 presen\u00e7a, simplicidade e transforma\u00e7\u00e3o interior aplic\u00e1veis \u00e0 vida contempor\u00e2nea. Contato: omesmofogo@gmail.com [\u2026]","og_url":"https:\/\/omesmofogo.com.br\/blog\/sobre-o-mesmo-fogo\/","og_site_name":"O Mesmo Fogo","article_modified_time":"2026-03-11T17:11:43+00:00","twitter_card":"summary_large_image","twitter_misc":{"Est. tempo de leitura":"1 minuto"},"schema":{"@context":"https:\/\/schema.org","@graph":[{"@type":"WebPage","@id":"https:\/\/omesmofogo.com.br\/blog\/sobre-o-mesmo-fogo\/","url":"https:\/\/omesmofogo.com.br\/blog\/sobre-o-mesmo-fogo\/","name":"Sobre o Mesmo Fogo - O Mesmo Fogo","isPartOf":{"@id":"https:\/\/omesmofogo.com.br\/blog\/#website"},"datePublished":"2026-03-04T19:45:09+00:00","dateModified":"2026-03-11T17:11:43+00:00","breadcrumb":{"@id":"https:\/\/omesmofogo.com.br\/blog\/sobre-o-mesmo-fogo\/#breadcrumb"},"inLanguage":"pt-BR","potentialAction":[{"@type":"ReadAction","target":["https:\/\/omesmofogo.com.br\/blog\/sobre-o-mesmo-fogo\/"]}]},{"@type":"BreadcrumbList","@id":"https:\/\/omesmofogo.com.br\/blog\/sobre-o-mesmo-fogo\/#breadcrumb","itemListElement":[{"@type":"ListItem","position":1,"name":"Home","item":"https:\/\/omesmofogo.com.br\/blog\/"},{"@type":"ListItem","position":2,"name":"Sobre o Mesmo Fogo"}]},{"@type":"WebSite","@id":"https:\/\/omesmofogo.com.br\/blog\/#website","url":"https:\/\/omesmofogo.com.br\/blog\/","name":"O Mesmo Fogo","description":"Di\u00e1logos entre mestres espirituais de diferentes tradi\u00e7\u00f5es: Zen, Cristianismo, Sufismo e Budismo.","potentialAction":[{"@type":"SearchAction","target":{"@type":"EntryPoint","urlTemplate":"https:\/\/omesmofogo.com.br\/blog\/?s={search_term_string}"},"query-input":{"@type":"PropertyValueSpecification","valueRequired":true,"valueName":"search_term_string"}}],"inLanguage":"pt-BR"}]}},"_links":{"self":[{"href":"https:\/\/omesmofogo.com.br\/blog\/wp-json\/wp\/v2\/pages\/139","targetHints":{"allow":["GET"]}}],"collection":[{"href":"https:\/\/omesmofogo.com.br\/blog\/wp-json\/wp\/v2\/pages"}],"about":[{"href":"https:\/\/omesmofogo.com.br\/blog\/wp-json\/wp\/v2\/types\/page"}],"author":[{"embeddable":true,"href":"https:\/\/omesmofogo.com.br\/blog\/wp-json\/wp\/v2\/users\/1"}],"replies":[{"embeddable":true,"href":"https:\/\/omesmofogo.com.br\/blog\/wp-json\/wp\/v2\/comments?post=139"}],"version-history":[{"count":0,"href":"https:\/\/omesmofogo.com.br\/blog\/wp-json\/wp\/v2\/pages\/139\/revisions"}],"wp:featuredmedia":[{"embeddable":true,"href":"https:\/\/omesmofogo.com.br\/blog\/wp-json\/"}],"wp:attachment":[{"href":"https:\/\/omesmofogo.com.br\/blog\/wp-json\/wp\/v2\/media?parent=139"}],"curies":[{"name":"wp","href":"https:\/\/api.w.org\/{rel}","templated":true}]}}