{"id":135,"date":"2026-03-04T16:40:23","date_gmt":"2026-03-04T19:40:23","guid":{"rendered":"https:\/\/omesmofogo.com.br\/blog\/?page_id=135"},"modified":"2026-03-04T17:44:20","modified_gmt":"2026-03-04T20:44:20","slug":"contato","status":"publish","type":"page","link":"https:\/\/omesmofogo.com.br\/blog\/contato\/","title":{"rendered":"Contato"},"content":{"rendered":"\r\n<p>O projeto <strong>O Mesmo Fogo<\/strong> nasceu com a inten\u00e7\u00e3o de criar di\u00e1logo entre diferentes tradi\u00e7\u00f5es espirituais e promover reflex\u00e3o sobre temas universais como consci\u00eancia, presen\u00e7a e transforma\u00e7\u00e3o interior.<\/p>\r\n\r\n\r\n\r\n<p>Se voc\u00ea deseja entrar em contato para sugest\u00f5es, parcerias, coment\u00e1rios sobre os epis\u00f3dios ou qualquer outro assunto relacionado ao projeto, utilize os canais abaixo.<\/p>\r\n\r\n\r\n\r\n<h2 class=\"wp-block-heading\">Email<\/h2>\r\n\r\n\r\n\r\n<p>\ud83d\udce9 <a href=\"mailto:omesmofogo@gmail.com\">omesmofogo@gmail.com<\/a><\/p>\r\n\r\n\r\n\r\n<h2 class=\"wp-block-heading\">Instagram<\/h2>\r\n\r\n\r\n\r\n<p>\ud83d\udcf7 <a href=\"https:\/\/instagram.com\/omesmofogo\" target=\"_blank\" rel=\"noopener noreferrer\">instagram.com\/omesmofogo<\/a><\/p>\r\n\r\n\r\n\r\n<p>Voc\u00ea tamb\u00e9m pode acompanhar reflex\u00f5es, novos epis\u00f3dios e conte\u00fados visuais do projeto diretamente pelo Instagram.<\/p>\r\n\r\n\r\n\r\n<hr class=\"wp-block-separator\"\/>\r\n\r\n\r\n\r\n<p><strong>O Mesmo Fogo<\/strong><br>\r\nCulturas diferentes.<br>\r\nMestres distantes.<br>\r\nA mesma chama humana.<\/p>\r\n","protected":false},"excerpt":{"rendered":"<p>O projeto O Mesmo Fogo nasceu com a inten\u00e7\u00e3o de criar di\u00e1logo entre diferentes tradi\u00e7\u00f5es espirituais e promover reflex\u00e3o sobre temas universais como consci\u00eancia, presen\u00e7a e<span class=\"excerpt-hellip\"> [\u2026]<\/span><\/p>\n","protected":false},"author":1,"featured_media":-1,"parent":0,"menu_order":0,"comment_status":"closed","ping_status":"closed","template":"","meta":{"footnotes":""},"class_list":["post-135","page","type-page","status-publish","has-post-thumbnail","hentry"],"yoast_head":"<!-- This site is optimized with the Yoast SEO Premium plugin v27.0 (Yoast SEO v27.1.1) - https:\/\/yoast.com\/product\/yoast-seo-premium-wordpress\/ -->\n<title>Contato - O Mesmo Fogo<\/title>\n<meta name=\"robots\" content=\"index, follow, max-snippet:-1, max-image-preview:large, max-video-preview:-1\" \/>\n<link rel=\"canonical\" href=\"https:\/\/omesmofogo.com.br\/blog\/contato\/\" \/>\n<meta property=\"og:locale\" content=\"pt_BR\" \/>\n<meta property=\"og:type\" content=\"article\" \/>\n<meta property=\"og:title\" content=\"Contato\" \/>\n<meta property=\"og:description\" content=\"O projeto O Mesmo Fogo nasceu com a inten\u00e7\u00e3o de criar di\u00e1logo entre diferentes tradi\u00e7\u00f5es espirituais e promover reflex\u00e3o sobre temas universais como consci\u00eancia, presen\u00e7a e [\u2026]\" \/>\n<meta property=\"og:url\" content=\"https:\/\/omesmofogo.com.br\/blog\/contato\/\" \/>\n<meta property=\"og:site_name\" content=\"O Mesmo Fogo\" \/>\n<meta property=\"article:modified_time\" content=\"2026-03-04T20:44:20+00:00\" \/>\n<meta name=\"twitter:card\" content=\"summary_large_image\" \/>\n<meta name=\"twitter:label1\" content=\"Est. tempo de leitura\" \/>\n\t<meta name=\"twitter:data1\" content=\"1 minuto\" \/>\n<script type=\"application\/ld+json\" class=\"yoast-schema-graph\">{\"@context\":\"https:\/\/schema.org\",\"@graph\":[{\"@type\":\"WebPage\",\"@id\":\"https:\/\/omesmofogo.com.br\/blog\/contato\/\",\"url\":\"https:\/\/omesmofogo.com.br\/blog\/contato\/\",\"name\":\"Contato - O Mesmo Fogo\",\"isPartOf\":{\"@id\":\"https:\/\/omesmofogo.com.br\/blog\/#website\"},\"datePublished\":\"2026-03-04T19:40:23+00:00\",\"dateModified\":\"2026-03-04T20:44:20+00:00\",\"breadcrumb\":{\"@id\":\"https:\/\/omesmofogo.com.br\/blog\/contato\/#breadcrumb\"},\"inLanguage\":\"pt-BR\",\"potentialAction\":[{\"@type\":\"ReadAction\",\"target\":[\"https:\/\/omesmofogo.com.br\/blog\/contato\/\"]}]},{\"@type\":\"BreadcrumbList\",\"@id\":\"https:\/\/omesmofogo.com.br\/blog\/contato\/#breadcrumb\",\"itemListElement\":[{\"@type\":\"ListItem\",\"position\":1,\"name\":\"Home\",\"item\":\"https:\/\/omesmofogo.com.br\/blog\/\"},{\"@type\":\"ListItem\",\"position\":2,\"name\":\"Contato\"}]},{\"@type\":\"WebSite\",\"@id\":\"https:\/\/omesmofogo.com.br\/blog\/#website\",\"url\":\"https:\/\/omesmofogo.com.br\/blog\/\",\"name\":\"O Mesmo Fogo\",\"description\":\"Di\u00e1logos entre mestres espirituais de diferentes tradi\u00e7\u00f5es: Zen, Cristianismo, Sufismo e Budismo.\",\"potentialAction\":[{\"@type\":\"SearchAction\",\"target\":{\"@type\":\"EntryPoint\",\"urlTemplate\":\"https:\/\/omesmofogo.com.br\/blog\/?s={search_term_string}\"},\"query-input\":{\"@type\":\"PropertyValueSpecification\",\"valueRequired\":true,\"valueName\":\"search_term_string\"}}],\"inLanguage\":\"pt-BR\"}]}<\/script>\n<!-- \/ Yoast SEO Premium plugin. -->","yoast_head_json":{"title":"Contato - O Mesmo Fogo","robots":{"index":"index","follow":"follow","max-snippet":"max-snippet:-1","max-image-preview":"max-image-preview:large","max-video-preview":"max-video-preview:-1"},"canonical":"https:\/\/omesmofogo.com.br\/blog\/contato\/","og_locale":"pt_BR","og_type":"article","og_title":"Contato","og_description":"O projeto O Mesmo Fogo nasceu com a inten\u00e7\u00e3o de criar di\u00e1logo entre diferentes tradi\u00e7\u00f5es espirituais e promover reflex\u00e3o sobre temas universais como consci\u00eancia, presen\u00e7a e [\u2026]","og_url":"https:\/\/omesmofogo.com.br\/blog\/contato\/","og_site_name":"O Mesmo Fogo","article_modified_time":"2026-03-04T20:44:20+00:00","twitter_card":"summary_large_image","twitter_misc":{"Est. tempo de leitura":"1 minuto"},"schema":{"@context":"https:\/\/schema.org","@graph":[{"@type":"WebPage","@id":"https:\/\/omesmofogo.com.br\/blog\/contato\/","url":"https:\/\/omesmofogo.com.br\/blog\/contato\/","name":"Contato - O Mesmo Fogo","isPartOf":{"@id":"https:\/\/omesmofogo.com.br\/blog\/#website"},"datePublished":"2026-03-04T19:40:23+00:00","dateModified":"2026-03-04T20:44:20+00:00","breadcrumb":{"@id":"https:\/\/omesmofogo.com.br\/blog\/contato\/#breadcrumb"},"inLanguage":"pt-BR","potentialAction":[{"@type":"ReadAction","target":["https:\/\/omesmofogo.com.br\/blog\/contato\/"]}]},{"@type":"BreadcrumbList","@id":"https:\/\/omesmofogo.com.br\/blog\/contato\/#breadcrumb","itemListElement":[{"@type":"ListItem","position":1,"name":"Home","item":"https:\/\/omesmofogo.com.br\/blog\/"},{"@type":"ListItem","position":2,"name":"Contato"}]},{"@type":"WebSite","@id":"https:\/\/omesmofogo.com.br\/blog\/#website","url":"https:\/\/omesmofogo.com.br\/blog\/","name":"O Mesmo Fogo","description":"Di\u00e1logos entre mestres espirituais de diferentes tradi\u00e7\u00f5es: Zen, Cristianismo, Sufismo e Budismo.","potentialAction":[{"@type":"SearchAction","target":{"@type":"EntryPoint","urlTemplate":"https:\/\/omesmofogo.com.br\/blog\/?s={search_term_string}"},"query-input":{"@type":"PropertyValueSpecification","valueRequired":true,"valueName":"search_term_string"}}],"inLanguage":"pt-BR"}]}},"_links":{"self":[{"href":"https:\/\/omesmofogo.com.br\/blog\/wp-json\/wp\/v2\/pages\/135","targetHints":{"allow":["GET"]}}],"collection":[{"href":"https:\/\/omesmofogo.com.br\/blog\/wp-json\/wp\/v2\/pages"}],"about":[{"href":"https:\/\/omesmofogo.com.br\/blog\/wp-json\/wp\/v2\/types\/page"}],"author":[{"embeddable":true,"href":"https:\/\/omesmofogo.com.br\/blog\/wp-json\/wp\/v2\/users\/1"}],"replies":[{"embeddable":true,"href":"https:\/\/omesmofogo.com.br\/blog\/wp-json\/wp\/v2\/comments?post=135"}],"version-history":[{"count":0,"href":"https:\/\/omesmofogo.com.br\/blog\/wp-json\/wp\/v2\/pages\/135\/revisions"}],"wp:featuredmedia":[{"embeddable":true,"href":"https:\/\/omesmofogo.com.br\/blog\/wp-json\/"}],"wp:attachment":[{"href":"https:\/\/omesmofogo.com.br\/blog\/wp-json\/wp\/v2\/media?parent=135"}],"curies":[{"name":"wp","href":"https:\/\/api.w.org\/{rel}","templated":true}]}}